{"id":327,"date":"2023-02-09T20:42:38","date_gmt":"2023-02-09T20:42:38","guid":{"rendered":"https:\/\/albacampos.com\/?page_id=327"},"modified":"2023-04-07T04:05:48","modified_gmt":"2023-04-07T04:05:48","slug":"respiracion-holoscopica","status":"publish","type":"page","link":"https:\/\/albacampos.com\/index.php\/respiracion-holoscopica\/","title":{"rendered":"Respiraci\u00f3n Holosc\u00f3pica"},"content":{"rendered":"\t\t<div data-elementor-type=\"wp-page\" data-elementor-id=\"327\" class=\"elementor elementor-327\" data-elementor-post-type=\"page\">\n\t\t\t\t\t\t<section class=\"elementor-section elementor-top-section elementor-element elementor-element-8b50ea8 animated-fast elementor-section-height-min-height elementor-section-items-stretch elementor-reverse-mobile elementor-section-boxed elementor-section-height-default elementor-invisible\" data-id=\"8b50ea8\" data-element_type=\"section\" data-settings=\"{&quot;background_background&quot;:&quot;classic&quot;,&quot;animation&quot;:&quot;fadeIn&quot;}\">\n\t\t\t\t\t\t\t<div class=\"elementor-background-overlay\"><\/div>\n\t\t\t\t\t\t\t<div class=\"elementor-container elementor-column-gap-default\">\n\t\t\t\t\t<div class=\"elementor-column elementor-col-100 elementor-top-column elementor-element elementor-element-7586e9a\" data-id=\"7586e9a\" data-element_type=\"column\">\n\t\t\t<div class=\"elementor-widget-wrap elementor-element-populated\">\n\t\t\t\t\t\t<section class=\"elementor-section elementor-inner-section elementor-element elementor-element-cf28d86 elementor-section-boxed elementor-section-height-default elementor-section-height-default\" data-id=\"cf28d86\" data-element_type=\"section\">\n\t\t\t\t\t\t<div class=\"elementor-container elementor-column-gap-default\">\n\t\t\t\t\t<div class=\"elementor-column elementor-col-50 elementor-inner-column elementor-element elementor-element-e7bf02b\" data-id=\"e7bf02b\" data-element_type=\"column\">\n\t\t\t<div class=\"elementor-widget-wrap elementor-element-populated\">\n\t\t\t\t\t\t<div class=\"elementor-element elementor-element-3b464e2 animated-fast elementor-invisible elementor-widget elementor-widget-heading\" data-id=\"3b464e2\" data-element_type=\"widget\" data-settings=\"{&quot;_animation&quot;:&quot;fadeInDown&quot;,&quot;_animation_delay&quot;:200}\" data-widget_type=\"heading.default\">\n\t\t\t\t<div class=\"elementor-widget-container\">\n\t\t\t\t\t<h1 class=\"elementor-heading-title elementor-size-default\"><b>Respiraci\u00f3n Holosc\u00f3pica<\/b><\/h1>\t\t\t\t<\/div>\n\t\t\t\t<\/div>\n\t\t\t\t<div class=\"elementor-element elementor-element-f86dbe4 animated-fast elementor-invisible elementor-widget elementor-widget-text-editor\" data-id=\"f86dbe4\" data-element_type=\"widget\" data-settings=\"{&quot;_animation&quot;:&quot;fadeInDown&quot;}\" data-widget_type=\"text-editor.default\">\n\t\t\t\t<div class=\"elementor-widget-container\">\n\t\t\t\t\t\t\t\t\t<p class=\"MsoNormal\"><i>\u00bb No hay vida sin respiraci\u00f3n \u00ab<\/i><\/p><p>Solicita m\u00e1s informaci\u00f3n sobre nuestras fechas<\/p>\t\t\t\t\t\t\t\t<\/div>\n\t\t\t\t<\/div>\n\t\t\t\t\t<\/div>\n\t\t<\/div>\n\t\t\t\t<div class=\"elementor-column elementor-col-50 elementor-inner-column elementor-element elementor-element-7b6d4b7\" data-id=\"7b6d4b7\" data-element_type=\"column\">\n\t\t\t<div class=\"elementor-widget-wrap elementor-element-populated\">\n\t\t\t\t\t\t<div class=\"elementor-element elementor-element-8ab5321 envato-kit-85-booking elementor-button-align-stretch elementor-widget elementor-widget-form\" data-id=\"8ab5321\" data-element_type=\"widget\" data-settings=\"{&quot;step_next_label&quot;:&quot;Next&quot;,&quot;step_previous_label&quot;:&quot;Previous&quot;,&quot;button_width&quot;:&quot;100&quot;,&quot;step_type&quot;:&quot;number_text&quot;,&quot;step_icon_shape&quot;:&quot;circle&quot;}\" data-widget_type=\"form.default\">\n\t\t\t\t<div class=\"elementor-widget-container\">\n\t\t\t\t\t\t\t<form class=\"elementor-form\" method=\"post\" name=\"New Form\" aria-label=\"New Form\">\n\t\t\t<input type=\"hidden\" name=\"post_id\" value=\"327\"\/>\n\t\t\t<input type=\"hidden\" name=\"form_id\" value=\"8ab5321\"\/>\n\t\t\t<input type=\"hidden\" name=\"referer_title\" value=\"\" \/>\n\n\t\t\t\n\t\t\t<div class=\"elementor-form-fields-wrapper elementor-labels-above\">\n\t\t\t\t\t\t\t\t<div class=\"elementor-field-type-text elementor-field-group elementor-column elementor-field-group-name elementor-col-50\">\n\t\t\t\t\t\t\t\t\t\t\t\t\t<input size=\"1\" type=\"text\" name=\"form_fields[name]\" id=\"form-field-name\" class=\"elementor-field elementor-size-sm  elementor-field-textual\" placeholder=\"Nombre\">\n\t\t\t\t\t\t\t\t\t\t\t<\/div>\n\t\t\t\t\t\t\t\t<div class=\"elementor-field-type-email elementor-field-group elementor-column elementor-field-group-email elementor-col-50 elementor-field-required\">\n\t\t\t\t\t\t\t\t\t\t\t\t\t<input size=\"1\" type=\"email\" name=\"form_fields[email]\" id=\"form-field-email\" class=\"elementor-field elementor-size-sm  elementor-field-textual\" placeholder=\"Correo\" required=\"required\">\n\t\t\t\t\t\t\t\t\t\t\t<\/div>\n\t\t\t\t\t\t\t\t<div class=\"elementor-field-type-tel elementor-field-group elementor-column elementor-field-group-bfad17e elementor-col-50\">\n\t\t\t\t\t\t\t<input size=\"1\" type=\"tel\" name=\"form_fields[bfad17e]\" id=\"form-field-bfad17e\" class=\"elementor-field elementor-size-sm  elementor-field-textual\" placeholder=\"N\u00famero\" pattern=\"[0-9()#&amp;+*-=.]+\" title=\"Only numbers and phone characters (#, -, *, etc) are accepted.\">\n\n\t\t\t\t\t\t<\/div>\n\t\t\t\t\t\t\t\t<div class=\"elementor-field-type-text elementor-field-group elementor-column elementor-field-group-b1de8a5 elementor-col-50 elementor-field-required\">\n\t\t\t\t\t\t\t\t\t\t\t\t\t<input size=\"1\" type=\"text\" name=\"form_fields[b1de8a5]\" id=\"form-field-b1de8a5\" class=\"elementor-field elementor-size-sm  elementor-field-textual\" placeholder=\"Ciudad\" required=\"required\">\n\t\t\t\t\t\t\t\t\t\t\t<\/div>\n\t\t\t\t\t\t\t\t<div class=\"elementor-field-type-textarea elementor-field-group elementor-column elementor-field-group-message elementor-col-100\">\n\t\t\t\t\t<textarea class=\"elementor-field-textual elementor-field  elementor-size-sm\" name=\"form_fields[message]\" id=\"form-field-message\" rows=\"4\" placeholder=\"D\u00ednos tus preguntas\"><\/textarea>\t\t\t\t<\/div>\n\t\t\t\t\t\t\t\t<div class=\"elementor-field-group elementor-column elementor-field-type-submit elementor-col-100 e-form__buttons\">\n\t\t\t\t\t<button class=\"elementor-button elementor-size-sm elementor-animation-float\" type=\"submit\">\n\t\t\t\t\t\t<span class=\"elementor-button-content-wrapper\">\n\t\t\t\t\t\t\t\t\t\t\t\t\t\t\t\t\t\t\t\t\t\t<span class=\"elementor-button-text\">Enviar <\/span>\n\t\t\t\t\t\t\t\t\t\t\t\t\t<\/span>\n\t\t\t\t\t<\/button>\n\t\t\t\t<\/div>\n\t\t\t<\/div>\n\t\t<\/form>\n\t\t\t\t\t\t<\/div>\n\t\t\t\t<\/div>\n\t\t\t\t\t<\/div>\n\t\t<\/div>\n\t\t\t\t\t<\/div>\n\t\t<\/section>\n\t\t\t\t\t<\/div>\n\t\t<\/div>\n\t\t\t\t\t<\/div>\n\t\t<\/section>\n\t\t\t\t<section class=\"elementor-section elementor-top-section elementor-element elementor-element-f214187 elementor-section-content-middle elementor-reverse-mobile elementor-section-boxed elementor-section-height-default elementor-section-height-default\" data-id=\"f214187\" data-element_type=\"section\" data-settings=\"{&quot;background_background&quot;:&quot;classic&quot;}\">\n\t\t\t\t\t\t\t<div class=\"elementor-background-overlay\"><\/div>\n\t\t\t\t\t\t\t<div class=\"elementor-container elementor-column-gap-default\">\n\t\t\t\t\t<div class=\"elementor-column elementor-col-100 elementor-top-column elementor-element elementor-element-d0111ba\" data-id=\"d0111ba\" data-element_type=\"column\" data-settings=\"{&quot;background_background&quot;:&quot;classic&quot;}\">\n\t\t\t<div class=\"elementor-widget-wrap elementor-element-populated\">\n\t\t\t\t\t\t<div class=\"elementor-element elementor-element-127ee4a elementor-widget elementor-widget-heading\" data-id=\"127ee4a\" data-element_type=\"widget\" data-widget_type=\"heading.default\">\n\t\t\t\t<div class=\"elementor-widget-container\">\n\t\t\t\t\t<h4 class=\"elementor-heading-title elementor-size-default\"><h3 class=\"elementor-heading-title elementor-size-default elementor-inline-editing pen\" data-elementor-setting-key=\"title\" data-pen-placeholder=\"Teclea aqu\u00ed...\" style=\"font-weight: var( --e-global-typography-primary-font-weight )\">\u00bfQu\u00e9 ser\u00eda de nosotros si dejamos de respirar 3 minutos? \n\n<\/h3>\n<\/h4>\t\t\t\t<\/div>\n\t\t\t\t<\/div>\n\t\t\t\t<div class=\"elementor-element elementor-element-8562f14 elementor-widget elementor-widget-text-editor\" data-id=\"8562f14\" data-element_type=\"widget\" data-widget_type=\"text-editor.default\">\n\t\t\t\t<div class=\"elementor-widget-container\">\n\t\t\t\t\t\t\t\t\t<p class=\"MsoNormal\" style=\"text-align: left;\"><span lang=\"es\">As\u00ed de importante es nuestra respiraci\u00f3n. Aparte de oxigenar nuestras c\u00e9lulas, revitalizar los tejidos, masajear los \u00f3rganos, mejorar el riego sangu\u00edneo. La respiraci\u00f3n nos libera de toxinas y por si fuera poco, si utilizas respiraciones conscientes ayudas a relajar tu mente.<\/span><\/p>\t\t\t\t\t\t\t\t<\/div>\n\t\t\t\t<\/div>\n\t\t\t\t<div class=\"elementor-element elementor-element-fa404e3 elementor-widget elementor-widget-heading\" data-id=\"fa404e3\" data-element_type=\"widget\" data-widget_type=\"heading.default\">\n\t\t\t\t<div class=\"elementor-widget-container\">\n\t\t\t\t\t<h4 class=\"elementor-heading-title elementor-size-default\"><h3 class=\"elementor-heading-title elementor-size-default elementor-inline-editing pen\" data-elementor-setting-key=\"title\" data-pen-placeholder=\"Teclea aqu\u00ed...\" style=\"font-weight: var( --e-global-typography-primary-font-weight )\">Muchos beneficios en un solo suspiro. \u00a1 verdad \u00a1<\/h3>\n<\/h4>\t\t\t\t<\/div>\n\t\t\t\t<\/div>\n\t\t\t\t<div class=\"elementor-element elementor-element-1b50d6f elementor-widget elementor-widget-text-editor\" data-id=\"1b50d6f\" data-element_type=\"widget\" data-widget_type=\"text-editor.default\">\n\t\t\t\t<div class=\"elementor-widget-container\">\n\t\t\t\t\t\t\t\t\t<p class=\"MsoNormal\" style=\"text-align: left;\">La respiraci\u00f3n Holosc\u00f3pica es una herramienta sagrada de autoexploraci\u00f3n profunda y potente dentro de la Psicolog\u00eda Transpersonal.\u00a0<\/p><p class=\"MsoNormal\" style=\"text-align: left;\">Te permite acceder a contenidos inconscientes que la mente consciente ha sepultado. En la actualidad hay numerosos estudios que demuestran que nuestro cuerpo tiene una enorme\u00a0 capacidad para sobrevivir al sufrimiento emocional. Por esta raz\u00f3n, el cuerpo acumula todo tipo de emociones primarias, la m\u00e1s principal el miedo. Cuando el cuerpo experimenta esta emoci\u00f3n se encoje, se bloquea, o comienza a temblar.<\/p><p class=\"MsoNormal\" style=\"text-align: left;\">\u00a0<\/p><p class=\"MsoNormal\" style=\"text-align: left;\"><span lang=\"es\">Se llama cuerpo-dolor, cuando se experimenta una acumulaci\u00f3n de sensaciones desagradables que no sabemos expresar de manera asertiva, El nerviosismo, los gritos, la impotencia, o las ganas de huir, es la forma m\u00e1s desesperada e intensa que el cuerpo tiene para comunicar que est\u00e1 al l\u00edmite del colapso. En estos casos la mente consciente toma el mando y lo principal que hace, es evadir los s\u00edntomas. La persona comienza a medicarse, a fumar, a comerse las u\u00f1as\u2026 El sufrimiento emocional es la principal raz\u00f3n d\u00f3nde comienzan todo tipo de adicciones.<\/span><\/p><p>\u00a0<\/p>\t\t\t\t\t\t\t\t<\/div>\n\t\t\t\t<\/div>\n\t\t\t\t<div class=\"elementor-element elementor-element-094448f elementor-widget elementor-widget-heading\" data-id=\"094448f\" data-element_type=\"widget\" data-widget_type=\"heading.default\">\n\t\t\t\t<div class=\"elementor-widget-container\">\n\t\t\t\t\t<h4 class=\"elementor-heading-title elementor-size-default\"><h3 class=\"elementor-heading-title elementor-size-default elementor-inline-editing pen\" data-elementor-setting-key=\"title\" data-pen-placeholder=\"Teclea aqu\u00ed...\" style=\"font-weight: var( --e-global-typography-primary-font-weight )\">El cuerpo grita, lo que la boca calla y la mente rechaza lo que no quiere recordar <\/h3>\n<\/h4>\t\t\t\t<\/div>\n\t\t\t\t<\/div>\n\t\t\t\t\t<\/div>\n\t\t<\/div>\n\t\t\t\t\t<\/div>\n\t\t<\/section>\n\t\t\t\t<section class=\"elementor-section elementor-top-section elementor-element elementor-element-65976ef elementor-section-content-middle elementor-reverse-mobile elementor-section-boxed elementor-section-height-default elementor-section-height-default\" data-id=\"65976ef\" data-element_type=\"section\" data-settings=\"{&quot;background_background&quot;:&quot;classic&quot;}\">\n\t\t\t\t\t\t\t<div class=\"elementor-background-overlay\"><\/div>\n\t\t\t\t\t\t\t<div class=\"elementor-container elementor-column-gap-default\">\n\t\t\t\t\t<div class=\"elementor-column elementor-col-50 elementor-top-column elementor-element elementor-element-df11dd2 animated-fast elementor-invisible\" data-id=\"df11dd2\" data-element_type=\"column\" data-settings=\"{&quot;animation&quot;:&quot;fadeInRight&quot;}\">\n\t\t\t<div class=\"elementor-widget-wrap elementor-element-populated\">\n\t\t\t\t\t\t<div class=\"elementor-element elementor-element-e5f44ab elementor-widget elementor-widget-text-editor\" data-id=\"e5f44ab\" data-element_type=\"widget\" data-widget_type=\"text-editor.default\">\n\t\t\t\t<div class=\"elementor-widget-container\">\n\t\t\t\t\t\t\t\t\t<p class=\"MsoNormal\"><strong><span lang=\"es\">Trascender el cuerpo-dolor, des identificarte<br \/>de tu personalidad, te ayuda a llegar a niveles m\u00e1s ampliados de consciencia.<br \/>Esta herramienta combina, respiraci\u00f3n, m\u00fasica de percusi\u00f3n, arteterapia con m\u00e1ndalas,<br \/>y el sost\u00e9n del compartir grupal. Todo ello en un ambiente terap\u00e9utico, confiable<br \/>y seguro. <\/span><\/strong><\/p><p class=\"MsoNormal\"><strong><span lang=\"es\">Nuestra vida depende de la respiraci\u00f3n, y<br \/>muchas veces no somos conscientes de ello. Solemos dar mayor protagonismo a las<br \/>experiencias dif\u00edciles que hemos atravesado a lo largo de nuestra existencia y<br \/>damos poco inter\u00e9s a lo que realmente le ocurre al cuerpo.<\/span><\/strong><\/p><p><strong><span lang=\"es\" style=\"font-size: 11pt; line-height: 115%; font-family: Arial, sans-serif;\">La Respiraci\u00f3n Holosc\u00f3pica te brinda, limpieza<br \/>celular y descarga emocional, ayudando a liberarte del cuerpo-dolor<\/span><\/strong><\/p>\t\t\t\t\t\t\t\t<\/div>\n\t\t\t\t<\/div>\n\t\t\t\t\t<\/div>\n\t\t<\/div>\n\t\t\t\t<div class=\"elementor-column elementor-col-50 elementor-top-column elementor-element elementor-element-ce63705 animated-fast elementor-invisible\" data-id=\"ce63705\" data-element_type=\"column\" data-settings=\"{&quot;animation&quot;:&quot;fadeInRight&quot;}\">\n\t\t\t<div class=\"elementor-widget-wrap elementor-element-populated\">\n\t\t\t\t\t\t<div class=\"elementor-element elementor-element-ba38c8e elementor-widget elementor-widget-text-editor\" data-id=\"ba38c8e\" data-element_type=\"widget\" data-widget_type=\"text-editor.default\">\n\t\t\t\t<div class=\"elementor-widget-container\">\n\t\t\t\t\t\t\t\t\t<p class=\"MsoNormal\"><strong><span lang=\"es\">La sabidur\u00eda de tu propio Ser gu\u00eda este proceso. Por ello, las experiencias son muy distintas y variadas. En esta traves\u00eda puedes llegar a experimentar con:<\/span><\/strong><\/p><p class=\"MsoNormal\"><span lang=\"es\"><b>Contenidos perinatales.<\/b><\/span><\/p><p class=\"MsoNormal\"><span lang=\"es\"><b>Contenidos biogr\u00e1ficos <\/b><\/span><\/p><p class=\"MsoNormal\"><span lang=\"es\"><b>Contenidos culturales y arquet\u00edpicos<\/b><\/span><\/p><p class=\"MsoNormal\"><span style=\"font-size: 0.9rem;\"><b>Experiencias Transpersonales.\u00a0<\/b><\/span><\/p>\t\t\t\t\t\t\t\t<\/div>\n\t\t\t\t<\/div>\n\t\t\t\t\t<\/div>\n\t\t<\/div>\n\t\t\t\t\t<\/div>\n\t\t<\/section>\n\t\t\t\t<section class=\"elementor-section elementor-top-section elementor-element elementor-element-4402cc8 elementor-section-content-middle elementor-reverse-mobile elementor-section-boxed elementor-section-height-default elementor-section-height-default\" data-id=\"4402cc8\" data-element_type=\"section\" data-settings=\"{&quot;background_background&quot;:&quot;classic&quot;}\">\n\t\t\t\t\t\t\t<div class=\"elementor-background-overlay\"><\/div>\n\t\t\t\t\t\t\t<div class=\"elementor-container elementor-column-gap-default\">\n\t\t\t\t\t<div class=\"elementor-column elementor-col-100 elementor-top-column elementor-element elementor-element-0dab022 animated-fast elementor-invisible\" data-id=\"0dab022\" data-element_type=\"column\" data-settings=\"{&quot;background_background&quot;:&quot;classic&quot;,&quot;animation&quot;:&quot;fadeInLeft&quot;}\">\n\t\t\t<div class=\"elementor-widget-wrap elementor-element-populated\">\n\t\t\t\t\t<div class=\"elementor-background-overlay\"><\/div>\n\t\t\t\t\t\t<div class=\"elementor-element elementor-element-a078ee9 elementor-widget elementor-widget-image\" data-id=\"a078ee9\" data-element_type=\"widget\" data-widget_type=\"image.default\">\n\t\t\t\t<div class=\"elementor-widget-container\">\n\t\t\t\t\t\t\t\t\t\t\t\t\t\t\t<img fetchpriority=\"high\" decoding=\"async\" width=\"800\" height=\"400\" src=\"https:\/\/albacampos.com\/wp-content\/uploads\/2023\/03\/2.jpg\" class=\"attachment-large size-large wp-image-541\" alt=\"\" srcset=\"https:\/\/albacampos.com\/wp-content\/uploads\/2023\/03\/2.jpg 800w, https:\/\/albacampos.com\/wp-content\/uploads\/2023\/03\/2-300x150.jpg 300w, https:\/\/albacampos.com\/wp-content\/uploads\/2023\/03\/2-768x384.jpg 768w\" sizes=\"(max-width: 800px) 100vw, 800px\" \/>\t\t\t\t\t\t\t\t\t\t\t\t\t\t\t<\/div>\n\t\t\t\t<\/div>\n\t\t\t\t\t<\/div>\n\t\t<\/div>\n\t\t\t\t<div class=\"elementor-column elementor-col-100 elementor-top-column elementor-element elementor-element-e33ed56 elementor-invisible\" data-id=\"e33ed56\" data-element_type=\"column\" data-settings=\"{&quot;background_background&quot;:&quot;classic&quot;,&quot;animation&quot;:&quot;fadeIn&quot;,&quot;animation_delay&quot;:300}\">\n\t\t\t<div class=\"elementor-widget-wrap elementor-element-populated\">\n\t\t\t\t\t\t<div class=\"elementor-element elementor-element-670089b elementor-widget elementor-widget-text-editor\" data-id=\"670089b\" data-element_type=\"widget\" data-widget_type=\"text-editor.default\">\n\t\t\t\t<div class=\"elementor-widget-container\">\n\t\t\t\t\t\t\t\t\t<p><b><span lang=\"es\" style=\"font-size: 14.0pt; line-height: 115%;\">Beneficios<\/span><\/b><\/p><p style=\"margin-left: 36pt; text-indent: -18pt;\"><span lang=\"es\">\u25cf<span style=\"font-variant-numeric: normal; font-variant-east-asian: normal; font-stretch: normal; font-size: 7pt; line-height: normal; font-family: 'Times New Roman';\">\u00a0\u00a0\u00a0\u00a0\u00a0\u00a0\u00a0<\/span><\/span><span lang=\"es\">Reconectar con tu respiraci\u00f3n primigenia<\/span><\/p><p style=\"margin-left: 36pt; text-indent: -18pt;\"><span lang=\"es\">\u25cf<span style=\"font-variant-numeric: normal; font-variant-east-asian: normal; font-stretch: normal; font-size: 7pt; line-height: normal; font-family: 'Times New Roman';\">\u00a0\u00a0\u00a0\u00a0\u00a0\u00a0\u00a0<\/span><\/span><span lang=\"es\">Posibilita la apertura del coraz\u00f3n dejando que las corazas caigan<\/span><\/p><p style=\"margin-left: 36pt; text-indent: -18pt;\"><span lang=\"es\">\u25cf<span style=\"font-variant-numeric: normal; font-variant-east-asian: normal; font-stretch: normal; font-size: 7pt; line-height: normal; font-family: 'Times New Roman';\">\u00a0\u00a0\u00a0\u00a0\u00a0\u00a0\u00a0<\/span><\/span><span lang=\"es\">Favorece la conexi\u00f3n con los sentimientos m\u00e1s sublimes del Ser humano como la compresi\u00f3n, la benevolencia, la compasi\u00f3n, el altruismo. Entre otros.<\/span><\/p><p style=\"margin-left: 36pt; text-indent: -18pt;\"><span lang=\"es\">\u25cf<span style=\"font-variant-numeric: normal; font-variant-east-asian: normal; font-stretch: normal; font-size: 7pt; line-height: normal; font-family: 'Times New Roman';\">\u00a0\u00a0\u00a0\u00a0\u00a0\u00a0\u00a0<\/span><\/span><span lang=\"es\">Favorece la pr\u00e1ctica meditativa y la contemplaci\u00f3n<\/span><\/p><p style=\"margin-left: 36pt; text-indent: -18pt;\"><span lang=\"es\">\u25cf<span style=\"font-variant-numeric: normal; font-variant-east-asian: normal; font-stretch: normal; font-size: 7pt; line-height: normal; font-family: 'Times New Roman';\">\u00a0\u00a0\u00a0\u00a0\u00a0\u00a0\u00a0<\/span><\/span><span lang=\"es\">Expande tu consciencia hacia la unidad con el todo.<\/span><\/p><p style=\"margin-left: 36pt; text-indent: -18pt;\"><span lang=\"es\">\u25cf<span style=\"font-variant-numeric: normal; font-variant-east-asian: normal; font-stretch: normal; font-size: 7pt; line-height: normal; font-family: 'Times New Roman';\">\u00a0\u00a0\u00a0\u00a0\u00a0\u00a0\u00a0<\/span><\/span><span lang=\"es\">Mejora s\u00edntomas som\u00e1ticos<\/span><\/p><p style=\"margin-left: 36pt; text-indent: -18pt;\"><span lang=\"es\" style=\"text-indent: -18pt; font-size: 0.9rem; font-weight: var( --e-global-typography-text-font-weight );\">\u25cf<span style=\"font-variant-numeric: normal; font-variant-east-asian: normal; font-stretch: normal; font-size: 7pt; line-height: normal; font-family: 'Times New Roman';\">\u00a0\u00a0\u00a0\u00a0\u00a0\u00a0\u00a0<\/span><\/span><span lang=\"es\" style=\"text-indent: -18pt; font-size: 0.9rem; font-weight: var( --e-global-typography-text-font-weight );\">Recupera tu energ\u00eda vital<\/span><\/p>\t\t\t\t\t\t\t\t<\/div>\n\t\t\t\t<\/div>\n\t\t\t\t<section class=\"elementor-section elementor-top-section elementor-element elementor-element-79e9c7f elementor-section-boxed elementor-section-height-default elementor-section-height-default\" data-id=\"79e9c7f\" data-element_type=\"section\">\n\t\t\t\t\t\t<div class=\"elementor-container elementor-column-gap-no\">\n\t\t\t\t\t<div class=\"elementor-column elementor-col-100 elementor-top-column elementor-element elementor-element-e821f7e\" data-id=\"e821f7e\" data-element_type=\"column\">\n\t\t\t<div class=\"elementor-widget-wrap\">\n\t\t\t\t\t\t\t<\/div>\n\t\t<\/div>\n\t\t\t\t\t<\/div>\n\t\t<\/section>\n\t\t\t\t<div class=\"elementor-element elementor-element-62f1cfe elementor-widget elementor-widget-spacer\" data-id=\"62f1cfe\" data-element_type=\"widget\" data-widget_type=\"spacer.default\">\n\t\t\t\t<div class=\"elementor-widget-container\">\n\t\t\t\t\t\t\t<div class=\"elementor-spacer\">\n\t\t\t<div class=\"elementor-spacer-inner\"><\/div>\n\t\t<\/div>\n\t\t\t\t\t\t<\/div>\n\t\t\t\t<\/div>\n\t\t\t\t\t<\/div>\n\t\t<\/div>\n\t\t\t\t\t<\/div>\n\t\t<\/section>\n\t\t\t\t<section class=\"elementor-section elementor-top-section elementor-element elementor-element-7cbb759 elementor-section-content-middle elementor-reverse-mobile elementor-section-boxed elementor-section-height-default elementor-section-height-default\" data-id=\"7cbb759\" data-element_type=\"section\" data-settings=\"{&quot;background_background&quot;:&quot;classic&quot;}\">\n\t\t\t\t\t\t\t<div class=\"elementor-background-overlay\"><\/div>\n\t\t\t\t\t\t\t<div class=\"elementor-container elementor-column-gap-default\">\n\t\t\t\t\t<div class=\"elementor-column elementor-col-100 elementor-top-column elementor-element elementor-element-d009eae\" data-id=\"d009eae\" data-element_type=\"column\" data-settings=\"{&quot;background_background&quot;:&quot;classic&quot;}\">\n\t\t\t<div class=\"elementor-widget-wrap elementor-element-populated\">\n\t\t\t\t\t\t<div class=\"elementor-element elementor-element-a50e1e1 elementor-widget elementor-widget-text-editor\" data-id=\"a50e1e1\" data-element_type=\"widget\" data-widget_type=\"text-editor.default\">\n\t\t\t\t<div class=\"elementor-widget-container\">\n\t\t\t\t\t\t\t\t\t<p class=\"MsoNormal\"><span lang=\"es\">La respiraci\u00f3n Holosc\u00f3pica no es apta para mujeres embarazadas, personas con marcapasos, o personas con fracturas u operaciones recientes.<\/span><\/p><p class=\"MsoNormal\"><span lang=\"es\">\u00a0<\/span><\/p><p class=\"MsoNormal\"><b>Nota: Los talleres terap\u00e9uticos son un complemento de las terapias individuales, pero nunca un sustituto de ellas. <\/b><\/p><p>\u00a0<\/p><p class=\"MsoNormal\"><b>\u00a0<\/b><\/p>\t\t\t\t\t\t\t\t<\/div>\n\t\t\t\t<\/div>\n\t\t\t\t\t<\/div>\n\t\t<\/div>\n\t\t\t\t\t<\/div>\n\t\t<\/section>\n\t\t\t\t<section class=\"elementor-section elementor-top-section elementor-element elementor-element-251d430 elementor-section-boxed elementor-section-height-default elementor-section-height-default\" data-id=\"251d430\" data-element_type=\"section\">\n\t\t\t\t\t\t<div class=\"elementor-container elementor-column-gap-default\">\n\t\t\t\t\t<div class=\"elementor-column elementor-col-100 elementor-top-column elementor-element elementor-element-c081fe0\" data-id=\"c081fe0\" data-element_type=\"column\">\n\t\t\t<div class=\"elementor-widget-wrap\">\n\t\t\t\t\t\t\t<\/div>\n\t\t<\/div>\n\t\t\t\t\t<\/div>\n\t\t<\/section>\n\t\t\t\t<\/div>\n\t\t","protected":false},"excerpt":{"rendered":"<p>Respiraci\u00f3n Holosc\u00f3pica \u00bb No hay vida sin respiraci\u00f3n \u00ab Solicita m\u00e1s informaci\u00f3n sobre nuestras fechas \u00bfQu\u00e9 ser\u00eda de nosotros si dejamos de respirar 3 minutos? As\u00ed de importante es nuestra respiraci\u00f3n. Aparte de oxigenar nuestras c\u00e9lulas, revitalizar los tejidos, masajear los \u00f3rganos, mejorar el riego sangu\u00edneo. La respiraci\u00f3n nos libera de toxinas y por si [&hellip;]<\/p>\n","protected":false},"author":1,"featured_media":0,"parent":0,"menu_order":0,"comment_status":"closed","ping_status":"closed","template":"","meta":{"footnotes":""},"class_list":["post-327","page","type-page","status-publish","hentry"],"aioseo_notices":[],"_links":{"self":[{"href":"https:\/\/albacampos.com\/index.php\/wp-json\/wp\/v2\/pages\/327"}],"collection":[{"href":"https:\/\/albacampos.com\/index.php\/wp-json\/wp\/v2\/pages"}],"about":[{"href":"https:\/\/albacampos.com\/index.php\/wp-json\/wp\/v2\/types\/page"}],"author":[{"embeddable":true,"href":"https:\/\/albacampos.com\/index.php\/wp-json\/wp\/v2\/users\/1"}],"replies":[{"embeddable":true,"href":"https:\/\/albacampos.com\/index.php\/wp-json\/wp\/v2\/comments?post=327"}],"version-history":[{"count":51,"href":"https:\/\/albacampos.com\/index.php\/wp-json\/wp\/v2\/pages\/327\/revisions"}],"predecessor-version":[{"id":882,"href":"https:\/\/albacampos.com\/index.php\/wp-json\/wp\/v2\/pages\/327\/revisions\/882"}],"wp:attachment":[{"href":"https:\/\/albacampos.com\/index.php\/wp-json\/wp\/v2\/media?parent=327"}],"curies":[{"name":"wp","href":"https:\/\/api.w.org\/{rel}","templated":true}]}}